10
What is the remainder when 8402854 is divided by 21?
19
Calculate the remainder when 16765581 is divided by 33.
30
What is the remainder when 73948 is divided by 52?
4
Calculate the remainder when 94784038 is divided by 559.
557
What is the remainder when 34335 is divided by 4943?
4677
What is the remainder when 348945 is divided by 116307?
24
What is the remainder when 20806942 is divided by 594484?
2
What is the remainder when 38553502 is divided by 38553502?
0
What is the remainder when 15593303 is divided by 244?
239
Calculate the remainder when 653109 is divided by 17176.
421
Calculate the remainder when 151143 is divided by 37744.
167
Calculate the remainder when 35017684 is divided by 42.
16
What is the remainder when 2406345 is divided by 28?
25
What is the remainder when 31542625 is divided by 35722?
99
Calculate the remainder when 290436 is divided by 925.
911
What is the remainder when 83904 is divided by 20800?
704
Calculate the remainder when 54624 is divided by 6658.
1360
Calculate the remainder when 1127075 is divided by 62.
39
Calculate the remainder when 3696096 is divided by 184804.
16
What is the remainder when 1693910 is divided by 39?
23
What is the remainder when 680275 is divided by 113378?
7
What is the remainder when 304206 is divided by 50696?
30
What is the remainder when 782483 is divided by 188?
27
Calculate the remainder when 78101359 is divided by 6460.
6419
What is the remainder when 1282591 is divided by 427514?
49
Calculate the remainder when 3268015 is divided by 1633793.
429
What is the remainder when 240278177 is divided by 27?
20
Calculate the remainder when 49394 is divided by 47688.
1706
Calculate the remainder when 16091 is divided by 760.
131
Calculate the remainder when 305433275 is divided by 158.
157
What is the remainder when 77038 is divided by 55?
38
What is the remainder when 109516 is divided by 225?
166
What is the remainder when 2724383 is divided by 664?
655
What is the remainder when 6489 is divided by 728?
665
Calculate the remainder when 272916 is divided by 54407.
881
What is the remainder when 206996 is divided by 16330?
11036
Calculate the remainder when 92579 is divided by 22272.
3491
What is the remainder when 501498 is divided by 143?
140
Calculate the remainder when 4570805 is divided by 2285348.
109
Calculate the remainder when 97753151 is divided by 1344.
1343
Calculate the remainder when 4652346 is divided by 107.
93
Calculate the remainder when 34195 is divided by 11392.
19
Calculate the remainder when 79709 is divided by 26169.
1202
Calculate the remainder when 145344 is divided by 7578.
1362
What is the remainder when 79136 is divided by 78474?
662
What is the remainder when 3652556 is divided by 182?
180
What is the remainder when 59346697 is divided by 2086?
2083
Calculate the remainder when 44690981 is divided by 1066.
1063
Calculate the remainder when 201303 is divided by 5563.
1035
Calculate the remainder when 1963465 is divided by 392626.
335
Calculate the remainder when 123681 is divided by 13741.
12
Calculate the remainder when 938142 is divided by 469031.
80
What is the remainder when 2041 is divided by 19?
8
Calculate the remainder when 13412541 is divided by 3353131.
17
Calculate the remainder when 43631374 is divided by 77498.
0
Calculate the remainder when 1544021 is divided by 1942.
131
What is the remainder when 13221968 is divided by 5648?
0
What is the remainder when 370091 is divided by 46208?
427
Calculate the remainder when 13725401 is divided by 3431348.
9
Calculate the remainder when 1946670 is divided by 7573.
409
What is the remainder when 231906 is divided by 23182?
86
What is the remainder when 267727 is divided by 5820?
7
What is the remainder when 87563601 is divided by 4169695?
6
Calculate the remainder when 31697 is divided by 4123.
2836
What is the remainder when 2951040 is divided by 2753?
2577
What is the remainder when 19922 is divided by 3272?
290
Calculate the remainder when 1680803 is divided by 56023.
113
What is the remainder when 59889 is divided by 1341?
885
What is the remainder when 151534 is divided by 151518?
16
What is the remainder when 107507 is divided by 874?
5
Calculate the remainder when 4026 is divided by 3546.
480
What is the remainder when 1887850 is divided by 2107?
2085
What is the remainder when 2040073 is divided by 12216?
1
Calculate the remainder when 256987992 is divided by 38.
34
Calculate the remainder when 364949 is divided by 7311.
6710
Calculate the remainder when 328269 is divided by 1018.
473
Calculate the remainder when 32676418 is divided by 224.
194
Calculate the remainder when 120294574 is divided by 4670.
44
Calculate the remainder when 3045113 is divided by 169168.
89
What is the remainder when 235162 is divided by 47021?
57
What is the remainder when 115335 is divided by 114406?
929
What is the remainder when 46100499 is divided by 18?
15
What is the remainder when 4038033 is divided by 357?
6
Calculate the remainder when 2487147 is divided by 322.
19
Calculate the remainder when 55424714 is divided by 548.
542
What is the remainder when 1136013 is divided by 1135789?
224
What is the remainder when 1095820 is divided by 21?
19
Calculate the remainder when 55611 is divided by 5429.
1321
Calculate the remainder when 11547788 is divided by 281653.
15
What is the remainder when 791331118 is divided by 3240?
3238
Calculate the remainder when 4541191 is divided by 68.
15
Calculate the remainder when 1796020 is divided by 15.
10
What is the remainder when 3872463 is divided by 550?
463
What is the remainder when 13655010 is divided by 620682?
6
Calculate the remainder when 24935174 is divided by 8311681.
131
What is the remainder when 471714 is divided by 615?
9
Calculate the remainder when 1507692 is divided by 1955.
387
Calculate the remainder when 5718649 is divided by 16.
9
What is the remainder when 56835342 is divided by 1857?
0
What is the remainder when 15681171 is divided by 22?
11
Calculate the remainder when 638164 is divided by 26550.
964
What is the remainder when 1089706 is divided by 60539?
4
What is the remainder when 89764116 is divided by 3506?
3504
Calculate the remainder when 204022221 is divided by 8.
5
Calculate the remainder when 3971258 is divided by 18.
8
What is the remainder when 756449 is divided by 19906?
21
What is the remainder when 6080 is divided by 344?
232
What is the remainder when 69788274 is divided by 14?
10
What is the remainder when 32699699 is divided by 986?
981
Calculate the remainder when 1965543 is divided by 1965523.
20
Calculate the remainder when 2949799 is divided by 43.
42
What is the remainder when 1396798 is divided by 265?
248
What is the remainder when 360203 is divided by 1344?
11
Calculate the remainder when 93747 is divided by 93524.
223
What is the remainder when 501318 is divided by 4859?
841
Calculate the remainder when 26359 is divided by 7771.
3046
What is the remainder when 2473157 is divided by 2473136?
21
What is the remainder when 10263742 is divided by 4676?
4598
What is the remainder when 783294 is divided by 783178?
116
What is the remainder when 1665880 is divided by 46?
36
Calculate the remainder when 19625 is divided by 18647.
978
What is the remainder when 113796 is divided by 728?
228
Calculate the remainder when 21969751 is divided by 39443.
0
Calculate the remainder when 74741 is divided by 24.
5
What is the remainder when 14401314 is divided by 83?
67
Calculate the remainder when 15701805 is divided by 5262.
5259
What is the remainder when 348478 is divided by 599?
459
Calculate the remainder when 2560918 is divided by 853355.
853
What is the remainder when 16324930 is divided by 681?
679
Calculate the remainder when 2410845 is divided by 209.
30
What is the remainder when 143603121 is divided by 12?
9
Calculate the remainder when 1684765 is divided by 3786.
3781
What is the remainder when 55810615 is divided by 7972940?
35
What is the remainder when 20867 is divided by 5211?
23
What is the remainder when 3267503 is divided by 1633745?
13
What is the remainder when 83137885 is divided by 272?
269
Calculate the remainder when 90519571 is divided by 3.
1
What is the remainder when 4103407 is divided by 5659?
632
Calculate the